217.113.194.140 - - [20/Jun/2025:19:08:59 +0200] "GET /ita/index.htm HTTP/1.1" 304 3909 "-" "Mozilla/5.0 (compatible; Barkrowler/0.9; +https://babbar.tech/crawler)"
217.113.194.141 - - [20/Jun/2025:19:09:02 +0200] "GET /index.htm HTTP/1.1" 304 3910 "-" "Mozilla/5.0 (compatible; Barkrowler/0.9; +https://babbar.tech/crawler)"
217.113.194.137 - - [20/Jun/2025:19:09:15 +0200] "GET /ita/contatti.htm HTTP/1.1" 304 3909 "-" "Mozilla/5.0 (compatible; Barkrowler/0.9; +https://babbar.tech/crawler)"
217.113.194.138 - - [20/Jun/2025:19:09:18 +0200] "GET /erima.htm HTTP/1.1" 304 3909 "-" "Mozilla/5.0 (compatible; Barkrowler/0.9; +https://babbar.tech/crawler)"
101.251.238.172 - - [20/Jun/2025:19:09:18 +0200] "GET /" 404 684 "-" "-"
217.113.194.136 - - [20/Jun/2025:19:09:31 +0200] "GET /erima.htm HTTP/1.1" 304 3909 "-" "Mozilla/5.0 (compatible; Barkrowler/0.9; +https://babbar.tech/crawler)"
217.113.194.138 - - [20/Jun/2025:19:09:34 +0200] "GET /mentions-legales.htm HTTP/1.1" 304 3909 "-" "Mozilla/5.0 (compatible; Barkrowler/0.9; +https://babbar.tech/crawler)"
217.113.194.140 - - [20/Jun/2025:19:09:47 +0200] "GET /mentions-legales.htm HTTP/1.1" 304 3909 "-" "Mozilla/5.0 (compatible; Barkrowler/0.9; +https://babbar.tech/crawler)"
217.113.194.134 - - [20/Jun/2025:19:09:50 +0200] "GET /hypox.htm HTTP/1.1" 304 3909 "-" "Mozilla/5.0 (compatible; Barkrowler/0.9; +https://babbar.tech/crawler)"
54.36.148.199 - - [20/Jun/2025:19:10:01 +0200] "GET /actualites-logistique-2013.htm HTTP/1.1" 304 3685 "-" "Mozilla/5.0 (compatible; AhrefsBot/7.0; +http://ahrefs.com/robot/)"
217.113.194.138 - - [20/Jun/2025:19:10:03 +0200] "GET /services-logistiques.htm HTTP/1.1" 304 3909 "-" "Mozilla/5.0 (compatible; Barkrowler/0.9; +https://babbar.tech/crawler)"
217.113.194.140 - - [20/Jun/2025:19:10:06 +0200] "GET /boutique-and1.htm HTTP/1.1" 304 3909 "-" "Mozilla/5.0 (compatible; Barkrowler/0.9; +https://babbar.tech/crawler)"
217.113.194.141 - - [20/Jun/2025:19:10:19 +0200] "GET /stockage-yvelines.htm HTTP/1.1" 304 3909 "-" "Mozilla/5.0 (compatible; Barkrowler/0.9; +https://babbar.tech/crawler)"
217.113.194.133 - - [20/Jun/2025:19:10:22 +0200] "GET /services-logistiques.htm HTTP/1.1" 304 3909 "-" "Mozilla/5.0 (compatible; Barkrowler/0.9; +https://babbar.tech/crawler)"
85.208.96.205 - - [20/Jun/2025:19:10:31 +0200] "GET /robots.txt HTTP/1.1" 200 3720 "-" "Mozilla/5.0 (compatible; SemrushBot/7~bl; +http://www.semrush.com/bot.html)"
85.208.96.209 - - [20/Jun/2025:19:10:31 +0200] "GET /logistique-e_commercant-e_commerce.htm HTTP/1.1" 200 9464 "-" "Mozilla/5.0 (compatible; SemrushBot/7~bl; +http://www.semrush.com/bot.html)"
217.113.194.136 - - [20/Jun/2025:19:10:35 +0200] "GET /logistique-client.htm HTTP/1.1" 304 3909 "-" "Mozilla/5.0 (compatible; Barkrowler/0.9; +https://babbar.tech/crawler)"
217.113.194.137 - - [20/Jun/2025:19:10:38 +0200] "GET /stockage-yvelines.htm HTTP/1.1" 304 3909 "-" "Mozilla/5.0 (compatible; Barkrowler/0.9; +https://babbar.tech/crawler)"
101.251.238.172 - - [20/Jun/2025:19:10:41 +0200] "-" 408 3696 "-" "-"
217.113.194.133 - - [20/Jun/2025:19:10:51 +0200] "GET /logistique-yvelines.htm HTTP/1.1" 304 3909 "-" "Mozilla/5.0 (compatible; Barkrowler/0.9; +https://babbar.tech/crawler)"
154.54.249.206 - - [20/Jun/2025:19:10:54 +0200] "GET /logistique-client.htm HTTP/1.1" 304 3909 "-" "Mozilla/5.0 (compatible; Barkrowler/0.9; +https://babbar.tech/crawler)"
54.36.149.79 - - [20/Jun/2025:19:10:55 +0200] "GET / HTTP/1.1" 304 3686 "-" "Mozilla/5.0 (compatible; AhrefsBot/7.0; +http://ahrefs.com/robot/)"
217.113.194.139 - - [20/Jun/2025:19:11:08 +0200] "GET /logistique-retail.htm HTTP/1.1" 304 3909 "-" "Mozilla/5.0 (compatible; Barkrowler/0.9; +https://babbar.tech/crawler)"
217.113.194.135 - - [20/Jun/2025:19:11:11 +0200] "GET /logistique-yvelines.htm HTTP/1.1" 304 3909 "-" "Mozilla/5.0 (compatible; Barkrowler/0.9; +https://babbar.tech/crawler)"
54.36.148.169 - - [20/Jun/2025:19:11:23 +0200] "GET /informatique-logistique.htm HTTP/1.1" 304 3685 "-" "Mozilla/5.0 (compatible; AhrefsBot/7.0; +http://ahrefs.com/robot/)"
154.54.249.206 - - [20/Jun/2025:19:11:24 +0200] "GET /logistique-mode.htm HTTP/1.1" 304 3909 "-" "Mozilla/5.0 (compatible; Barkrowler/0.9; +https://babbar.tech/crawler)"
217.113.194.138 - - [20/Jun/2025:19:11:27 +0200] "GET /logistique-retail.htm HTTP/1.1" 304 3909 "-" "Mozilla/5.0 (compatible; Barkrowler/0.9; +https://babbar.tech/crawler)"
217.113.194.134 - - [20/Jun/2025:19:11:40 +0200] "GET /devis-logistique.htm HTTP/1.1" 304 3909 "-" "Mozilla/5.0 (compatible; Barkrowler/0.9; +https://babbar.tech/crawler)"
217.113.194.141 - - [20/Jun/2025:19:11:43 +0200] "GET /logistique-mode.htm HTTP/1.1" 304 3909 "-" "Mozilla/5.0 (compatible; Barkrowler/0.9; +https://babbar.tech/crawler)"
217.113.194.134 - - [20/Jun/2025:19:11:56 +0200] "GET /e-logistique.htm HTTP/1.1" 304 3909 "-" "Mozilla/5.0 (compatible; Barkrowler/0.9; +https://babbar.tech/crawler)"
154.54.249.206 - - [20/Jun/2025:19:11:59 +0200] "GET /devis-logistique.htm HTTP/1.1" 304 3909 "-" "Mozilla/5.0 (compatible; Barkrowler/0.9; +https://babbar.tech/crawler)"
54.36.149.101 - - [20/Jun/2025:19:12:09 +0200] "GET /ita/logistica-distribuzione-francia.htm HTTP/1.1" 304 3685 "-" "Mozilla/5.0 (compatible; AhrefsBot/7.0; +http://ahrefs.com/robot/)"
217.113.194.136 - - [20/Jun/2025:19:12:13 +0200] "GET /ecommerce-logistique.htm HTTP/1.1" 304 3909 "-" "Mozilla/5.0 (compatible; Barkrowler/0.9; +https://babbar.tech/crawler)"
54.36.149.36 - - [20/Jun/2025:19:12:13 +0200] "GET /actualites-logistique-2018.htm HTTP/1.1" 304 3685 "-" "Mozilla/5.0 (compatible; AhrefsBot/7.0; +http://ahrefs.com/robot/)"
217.113.194.139 - - [20/Jun/2025:19:12:16 +0200] "GET /sav-logistique.htm HTTP/1.1" 304 3909 "-" "Mozilla/5.0 (compatible; Barkrowler/0.9; +https://babbar.tech/crawler)"
54.36.148.163 - - [20/Jun/2025:19:12:27 +0200] "GET /logistique-co-packing.htm HTTP/1.1" 304 3678 "-" "Mozilla/5.0 (compatible; AhrefsBot/7.0; +http://ahrefs.com/robot/)"
217.113.194.132 - - [20/Jun/2025:19:12:29 +0200] "GET /entrepot-yvelines.htm HTTP/1.1" 304 3909 "-" "Mozilla/5.0 (compatible; Barkrowler/0.9; +https://babbar.tech/crawler)"
217.113.194.139 - - [20/Jun/2025:19:12:32 +0200] "GET /chaussures-spira.htm HTTP/1.1" 304 3909 "-" "Mozilla/5.0 (compatible; Barkrowler/0.9; +https://babbar.tech/crawler)"
217.113.194.139 - - [20/Jun/2025:19:12:45 +0200] "GET /stockage-essonne.htm HTTP/1.1" 304 3909 "-" "Mozilla/5.0 (compatible; Barkrowler/0.9; +https://babbar.tech/crawler)"
217.113.194.133 - - [20/Jun/2025:19:12:48 +0200] "GET /e-logistique.htm HTTP/1.1" 304 3909 "-" "Mozilla/5.0 (compatible; Barkrowler/0.9; +https://babbar.tech/crawler)"
66.249.64.40 - - [20/Jun/2025:19:12:55 +0200] "GET /logistique-yvelines.htm HTTP/1.1" 200 8355 "-" "Mozilla/5.0 (Linux; Android 6.0.1; Nexus 5X Build/MMB29P) AppleWebKit/537.36 (KHTML, like Gecko) Chrome/137.0.7151.103 Mobile Safari/537.36 (compatible; Googlebot/2.1; +http://www.google.com/bot.html)"
217.113.194.137 - - [20/Jun/2025:19:13:01 +0200] "GET /logistique-e-commerce.htm HTTP/1.1" 304 3909 "-" "Mozilla/5.0 (compatible; Barkrowler/0.9; +https://babbar.tech/crawler)"
217.113.194.137 - - [20/Jun/2025:19:13:04 +0200] "GET /mode-logistique.htm HTTP/1.1" 304 3909 "-" "Mozilla/5.0 (compatible; Barkrowler/0.9; +https://babbar.tech/crawler)"
217.113.194.138 - - [20/Jun/2025:19:13:17 +0200] "GET /logistique-des-marques.htm HTTP/1.1" 304 3909 "-" "Mozilla/5.0 (compatible; Barkrowler/0.9; +https://babbar.tech/crawler)"
217.113.194.134 - - [20/Jun/2025:19:13:20 +0200] "GET /ecommerce-logistique.htm HTTP/1.1" 304 3909 "-" "Mozilla/5.0 (compatible; Barkrowler/0.9; +https://babbar.tech/crawler)"
217.113.194.135 - - [20/Jun/2025:19:13:33 +0200] "GET /logistique-chaussures.htm HTTP/1.1" 304 3909 "-" "Mozilla/5.0 (compatible; Barkrowler/0.9; +https://babbar.tech/crawler)"
217.113.194.132 - - [20/Jun/2025:19:13:36 +0200] "GET /entrepot-yvelines.htm HTTP/1.1" 304 3909 "-" "Mozilla/5.0 (compatible; Barkrowler/0.9; +https://babbar.tech/crawler)"
154.54.249.206 - - [20/Jun/2025:19:13:49 +0200] "GET /logistique-cosmetique.htm HTTP/1.1" 304 3909 "-" "Mozilla/5.0 (compatible; Barkrowler/0.9; +https://babbar.tech/crawler)"
217.113.194.141 - - [20/Jun/2025:19:13:52 +0200] "GET /stockage-essonne.htm HTTP/1.1" 304 3909 "-" "Mozilla/5.0 (compatible; Barkrowler/0.9; +https://babbar.tech/crawler)"
54.36.148.55 - - [20/Jun/2025:19:14:04 +0200] "GET /mentions-legales.htm HTTP/1.1" 304 3678 "-" "Mozilla/5.0 (compatible; AhrefsBot/7.0; +http://ahrefs.com/robot/)"
217.113.194.141 - - [20/Jun/2025:19:14:05 +0200] "GET /logistique-co-packing.htm HTTP/1.1" 304 3909 "-" "Mozilla/5.0 (compatible; Barkrowler/0.9; +https://babbar.tech/crawler)"
66.249.64.33 - - [20/Jun/2025:19:14:08 +0200] "GET /logistique-pret-a-porter-repetto.htm HTTP/1.1" 200 8185 "-" "Mozilla/5.0 (Linux; Android 6.0.1; Nexus 5X Build/MMB29P) AppleWebKit/537.36 (KHTML, like Gecko) Chrome/137.0.7151.103 Mobile Safari/537.36 (compatible; Googlebot/2.1; +http://www.google.com/bot.html)"
217.113.194.138 - - [20/Jun/2025:19:14:08 +0200] "GET /logistique-e-commerce.htm HTTP/1.1" 304 3909 "-" "Mozilla/5.0 (compatible; Barkrowler/0.9; +https://babbar.tech/crawler)"
217.113.194.134 - - [20/Jun/2025:19:14:21 +0200] "GET /gestion-rupture-stock.htm HTTP/1.1" 304 3909 "-" "Mozilla/5.0 (compatible; Barkrowler/0.9; +https://babbar.tech/crawler)"
217.113.194.140 - - [20/Jun/2025:19:14:25 +0200] "GET /logistique-des-marques.htm HTTP/1.1" 304 3909 "-" "Mozilla/5.0 (compatible; Barkrowler/0.9; +https://babbar.tech/crawler)"
217.113.194.132 - - [20/Jun/2025:19:14:38 +0200] "GET /actualites-logistique.htm HTTP/1.1" 304 3909 "-" "Mozilla/5.0 (compatible; Barkrowler/0.9; +https://babbar.tech/crawler)"
217.113.194.133 - - [20/Jun/2025:19:14:41 +0200] "GET /logistique-globale.htm HTTP/1.1" 304 3909 "-" "Mozilla/5.0 (compatible; Barkrowler/0.9; +https://babbar.tech/crawler)"
217.113.194.135 - - [20/Jun/2025:19:14:54 +0200] "GET /endurance-shopping.htm HTTP/1.1" 304 3909 "-" "Mozilla/5.0 (compatible; Barkrowler/0.9; +https://babbar.tech/crawler)"
217.113.194.139 - - [20/Jun/2025:19:14:57 +0200] "GET /logistique-chaussures.htm HTTP/1.1" 304 3909 "-" "Mozilla/5.0 (compatible; Barkrowler/0.9; +https://babbar.tech/crawler)"
138.246.253.24 - - [20/Jun/2025:19:15:03 +0200] "GET /robots.txt HTTP/1.1" 200 3529 "-" "Mozilla/5.0 (Windows NT 10.0; Win64; x64) AppleWebKit/537.36 (KHTML, like Gecko) Chrome/103.0.5060.134 Safari/537.36"
217.113.194.140 - - [20/Jun/2025:19:15:10 +0200] "GET /acces-stockage-yvelines.htm HTTP/1.1" 304 3909 "-" "Mozilla/5.0 (compatible; Barkrowler/0.9; +https://babbar.tech/crawler)"
217.113.194.140 - - [20/Jun/2025:19:15:13 +0200] "GET /logistique-chaussure.htm HTTP/1.1" 304 3909 "-" "Mozilla/5.0 (compatible; Barkrowler/0.9; +https://babbar.tech/crawler)"
154.54.249.206 - - [20/Jun/2025:19:15:26 +0200] "GET /e-commerce-logistique.htm HTTP/1.1" 304 3909 "-" "Mozilla/5.0 (compatible; Barkrowler/0.9; +https://babbar.tech/crawler)"
54.36.149.64 - - [20/Jun/2025:19:15:29 +0200] "GET /actualites-logistique-2010.htm HTTP/1.1" 304 3685 "-" "Mozilla/5.0 (compatible; AhrefsBot/7.0; +http://ahrefs.com/robot/)"
217.113.194.134 - - [20/Jun/2025:19:15:29 +0200] "GET /logistique-cosmetique.htm HTTP/1.1" 304 3909 "-" "Mozilla/5.0 (compatible; Barkrowler/0.9; +https://babbar.tech/crawler)"
217.113.194.133 - - [20/Jun/2025:19:15:42 +0200] "GET /logistique-jeux-jouets.htm HTTP/1.1" 304 3909 "-" "Mozilla/5.0 (compatible; Barkrowler/0.9; +https://babbar.tech/crawler)"
154.54.249.206 - - [20/Jun/2025:19:15:45 +0200] "GET /logistique-co-packing.htm HTTP/1.1" 304 3909 "-" "Mozilla/5.0 (compatible; Barkrowler/0.9; +https://babbar.tech/crawler)"
217.113.194.136 - - [20/Jun/2025:19:15:58 +0200] "GET /logistique-multicanal.htm HTTP/1.1" 304 3909 "-" "Mozilla/5.0 (compatible; Barkrowler/0.9; +https://babbar.tech/crawler)"
217.113.194.136 - - [20/Jun/2025:19:16:01 +0200] "GET /informatique-logistique.htm HTTP/1.1" 304 3909 "-" "Mozilla/5.0 (compatible; Barkrowler/0.9; +https://babbar.tech/crawler)"
217.113.194.136 - - [20/Jun/2025:19:16:14 +0200] "GET /logisticien-e-commerce.html HTTP/1.1" 304 3909 "-" "Mozilla/5.0 (compatible; Barkrowler/0.9; +https://babbar.tech/crawler)"
217.113.194.133 - - [20/Jun/2025:19:16:17 +0200] "GET /chaussons-beaba.htm HTTP/1.1" 304 3909 "-" "Mozilla/5.0 (compatible; Barkrowler/0.9; +https://babbar.tech/crawler)"
54.36.148.112 - - [20/Jun/2025:19:16:20 +0200] "GET /webservices-e-commerce.htm HTTP/1.1" 304 3678 "-" "Mozilla/5.0 (compatible; AhrefsBot/7.0; +http://ahrefs.com/robot/)"
54.36.148.127 - - [20/Jun/2025:19:16:28 +0200] "GET /stockage-privatif-sos-stockage.htm HTTP/1.1" 304 3685 "-" "Mozilla/5.0 (compatible; AhrefsBot/7.0; +http://ahrefs.com/robot/)"
217.113.194.140 - - [20/Jun/2025:19:16:31 +0200] "GET /logistique-lingerie.htm HTTP/1.1" 304 3909 "-" "Mozilla/5.0 (compatible; Barkrowler/0.9; +https://babbar.tech/crawler)"
217.113.194.132 - - [20/Jun/2025:19:16:34 +0200] "GET /gestion-rupture-stock.htm HTTP/1.1" 304 3909 "-" "Mozilla/5.0 (compatible; Barkrowler/0.9; +https://babbar.tech/crawler)"
185.191.171.5 - - [20/Jun/2025:19:16:38 +0200] "GET /logistique-open-house-mobilier-velizy.htm HTTP/1.1" 200 8280 "-" "Mozilla/5.0 (compatible; SemrushBot/7~bl; +http://www.semrush.com/bot.html)"
54.36.148.78 - - [20/Jun/2025:19:16:47 +0200] "GET /logistique-e-commerce-pieces-rechange.htm HTTP/1.1" 304 3685 "-" "Mozilla/5.0 (compatible; AhrefsBot/7.0; +http://ahrefs.com/robot/)"
217.113.194.135 - - [20/Jun/2025:19:16:47 +0200] "GET /logistique-vente-privee.htm HTTP/1.1" 304 3909 "-" "Mozilla/5.0 (compatible; Barkrowler/0.9; +https://babbar.tech/crawler)"
217.113.194.136 - - [20/Jun/2025:19:16:50 +0200] "GET /actualites-logistique.htm HTTP/1.1" 304 3909 "-" "Mozilla/5.0 (compatible; Barkrowler/0.9; +https://babbar.tech/crawler)"
217.113.194.134 - - [20/Jun/2025:19:17:03 +0200] "GET /logistique-maroquinerie.htm HTTP/1.1" 304 3909 "-" "Mozilla/5.0 (compatible; Barkrowler/0.9; +https://babbar.tech/crawler)"
217.113.194.139 - - [20/Jun/2025:19:17:06 +0200] "GET /conditionnement-a-facon.htm HTTP/1.1" 304 3909 "-" "Mozilla/5.0 (compatible; Barkrowler/0.9; +https://babbar.tech/crawler)"
217.113.194.135 - - [20/Jun/2025:19:17:19 +0200] "GET /logistique-textile.htm HTTP/1.1" 304 3909 "-" "Mozilla/5.0 (compatible; Barkrowler/0.9; +https://babbar.tech/crawler)"
217.113.194.137 - - [20/Jun/2025:19:17:22 +0200] "GET /endurance-shopping.htm HTTP/1.1" 304 3909 "-" "Mozilla/5.0 (compatible; Barkrowler/0.9; +https://babbar.tech/crawler)"
217.113.194.135 - - [20/Jun/2025:19:17:35 +0200] "GET /contact-logistique-yvelines.htm HTTP/1.1" 304 3909 "-" "Mozilla/5.0 (compatible; Barkrowler/0.9; +https://babbar.tech/crawler)"
217.113.194.134 - - [20/Jun/2025:19:17:38 +0200] "GET /acces-stockage-yvelines.htm HTTP/1.1" 304 3909 "-" "Mozilla/5.0 (compatible; Barkrowler/0.9; +https://babbar.tech/crawler)"
217.113.194.139 - - [20/Jun/2025:19:17:51 +0200] "GET /devis-logistique-plv.htm HTTP/1.1" 304 3909 "-" "Mozilla/5.0 (compatible; Barkrowler/0.9; +https://babbar.tech/crawler)"
217.113.194.137 - - [20/Jun/2025:19:17:54 +0200] "GET /webservices-e-commerce.htm HTTP/1.1" 304 3909 "-" "Mozilla/5.0 (compatible; Barkrowler/0.9; +https://babbar.tech/crawler)"
40.77.167.241 - - [20/Jun/2025:19:17:58 +0200] "GET /sitemap.txt HTTP/1.1" 404 4324 "-" "Mozilla/5.0 AppleWebKit/537.36 (KHTML, like Gecko; compatible; bingbot/2.0; +http://www.bing.com/bingbot.htm) Chrome/116.0.1938.76 Safari/537.36"
217.113.194.132 - - [20/Jun/2025:19:18:08 +0200] "GET /gestion-stocks-e-commerce.htm HTTP/1.1" 304 3909 "-" "Mozilla/5.0 (compatible; Barkrowler/0.9; +https://babbar.tech/crawler)"
217.113.194.137 - - [20/Jun/2025:19:18:11 +0200] "GET /e-commerce-logistique.htm HTTP/1.1" 304 3909 "-" "Mozilla/5.0 (compatible; Barkrowler/0.9; +https://babbar.tech/crawler)"
54.36.149.66 - - [20/Jun/2025:19:18:23 +0200] "GET /logistique-e-commerce-emballage-condtionnement.htm HTTP/1.1" 304 3678 "-" "Mozilla/5.0 (compatible; AhrefsBot/7.0; +http://ahrefs.com/robot/)"
217.113.194.139 - - [20/Jun/2025:19:18:24 +0200] "GET /gestion-stock-e-commerce.htm HTTP/1.1" 304 3910 "-" "Mozilla/5.0 (compatible; Barkrowler/0.9; +https://babbar.tech/crawler)"
217.113.194.132 - - [20/Jun/2025:19:18:27 +0200] "GET /logistique-jeux-jouets.htm HTTP/1.1" 304 3909 "-" "Mozilla/5.0 (compatible; Barkrowler/0.9; +https://babbar.tech/crawler)"
54.36.149.101 - - [20/Jun/2025:19:18:36 +0200] "GET / HTTP/1.1" 304 3686 "-" "Mozilla/5.0 (compatible; AhrefsBot/7.0; +http://ahrefs.com/robot/)"
54.36.148.198 - - [20/Jun/2025:19:18:36 +0200] "GET /devis-logistique.htm HTTP/1.1" 304 3685 "-" "Mozilla/5.0 (compatible; AhrefsBot/7.0; +http://ahrefs.com/robot/)"
154.54.249.206 - - [20/Jun/2025:19:18:40 +0200] "GET /chaussure-dragon-sea.htm HTTP/1.1" 304 3909 "-" "Mozilla/5.0 (compatible; Barkrowler/0.9; +https://babbar.tech/crawler)"
217.113.194.140 - - [20/Jun/2025:19:18:43 +0200] "GET /logistique-multicanal.htm HTTP/1.1" 304 3909 "-" "Mozilla/5.0 (compatible; Barkrowler/0.9; +https://babbar.tech/crawler)"
217.113.194.139 - - [20/Jun/2025:19:18:56 +0200] "GET /chaussures-running-spira.htm HTTP/1.1" 304 3909 "-" "Mozilla/5.0 (compatible; Barkrowler/0.9; +https://babbar.tech/crawler)"
217.113.194.134 - - [20/Jun/2025:19:18:59 +0200] "GET /logisticien-e-commerce.html HTTP/1.1" 304 3909 "-" "Mozilla/5.0 (compatible; Barkrowler/0.9; +https://babbar.tech/crawler)"
217.113.194.138 - - [20/Jun/2025:19:19:12 +0200] "GET /prestataire-logistique.htm HTTP/1.1" 304 3909 "-" "Mozilla/5.0 (compatible; Barkrowler/0.9; +https://babbar.tech/crawler)"
217.113.194.141 - - [20/Jun/2025:19:19:15 +0200] "GET /logistique-lingerie.htm HTTP/1.1" 304 3909 "-" "Mozilla/5.0 (compatible; Barkrowler/0.9; +https://babbar.tech/crawler)"
217.113.194.134 - - [20/Jun/2025:19:19:28 +0200] "GET /actualites-logistique-2018.htm HTTP/1.1" 304 3909 "-" "Mozilla/5.0 (compatible; Barkrowler/0.9; +https://babbar.tech/crawler)"
217.113.194.136 - - [20/Jun/2025:19:19:31 +0200] "GET /logistique-vente-privee.htm HTTP/1.1" 304 3909 "-" "Mozilla/5.0 (compatible; Barkrowler/0.9; +https://babbar.tech/crawler)"
217.113.194.138 - - [20/Jun/2025:19:19:44 +0200] "GET /ita/news-logistica-2016.htm HTTP/1.1" 304 3909 "-" "Mozilla/5.0 (compatible; Barkrowler/0.9; +https://babbar.tech/crawler)"
66.249.64.33 - - [20/Jun/2025:19:19:45 +0200] "GET /endurance-shopping.htm HTTP/1.1" 200 9172 "-" "Mozilla/5.0 (Linux; Android 6.0.1; Nexus 5X Build/MMB29P) AppleWebKit/537.36 (KHTML, like Gecko) Chrome/137.0.7151.103 Mobile Safari/537.36 (compatible; Googlebot/2.1; +http://www.google.com/bot.html)"
217.113.194.139 - - [20/Jun/2025:19:19:47 +0200] "GET /logistique-maroquinerie.htm HTTP/1.1" 304 3909 "-" "Mozilla/5.0 (compatible; Barkrowler/0.9; +https://babbar.tech/crawler)"
217.113.194.134 - - [20/Jun/2025:19:19:59 +0200] "GET /ita/logistica-in-francia.htm HTTP/1.1" 304 3909 "-" "Mozilla/5.0 (compatible; Barkrowler/0.9; +https://babbar.tech/crawler)"
54.36.148.133 - - [20/Jun/2025:19:19:59 +0200] "GET /actualites-logistique-2017.htm HTTP/1.1" 304 3678 "-" "Mozilla/5.0 (compatible; AhrefsBot/7.0; +http://ahrefs.com/robot/)"
154.54.249.206 - - [20/Jun/2025:19:20:02 +0200] "GET /logistique-textile.htm HTTP/1.1" 304 3909 "-" "Mozilla/5.0 (compatible; Barkrowler/0.9; +https://babbar.tech/crawler)"
154.54.249.206 - - [20/Jun/2025:19:20:14 +0200] "GET /presse-actualites-logistique.htm HTTP/1.1" 304 3909 "-" "Mozilla/5.0 (compatible; Barkrowler/0.9; +https://babbar.tech/crawler)"
217.113.194.137 - - [20/Jun/2025:19:20:17 +0200] "GET /contact-logistique-yvelines.htm HTTP/1.1" 304 3909 "-" "Mozilla/5.0 (compatible; Barkrowler/0.9; +https://babbar.tech/crawler)"
217.113.194.137 - - [20/Jun/2025:19:20:29 +0200] "GET /entreposage-e-commerce.htm HTTP/1.1" 304 3909 "-" "Mozilla/5.0 (compatible; Barkrowler/0.9; +https://babbar.tech/crawler)"
54.36.148.153 - - [20/Jun/2025:19:20:32 +0200] "GET /actualites-logistique.htm HTTP/1.1" 304 3685 "-" "Mozilla/5.0 (compatible; AhrefsBot/7.0; +http://ahrefs.com/robot/)"
217.113.194.138 - - [20/Jun/2025:19:20:32 +0200] "GET /devis-logistique-plv.htm HTTP/1.1" 304 3909 "-" "Mozilla/5.0 (compatible; Barkrowler/0.9; +https://babbar.tech/crawler)"
217.113.194.137 - - [20/Jun/2025:19:20:44 +0200] "GET /poteries-persannes.htm HTTP/1.1" 304 3909 "-" "Mozilla/5.0 (compatible; Barkrowler/0.9; +https://babbar.tech/crawler)"
217.113.194.136 - - [20/Jun/2025:19:20:47 +0200] "GET /gestion-stocks-e-commerce.htm HTTP/1.1" 304 3909 "-" "Mozilla/5.0 (compatible; Barkrowler/0.9; +https://babbar.tech/crawler)"
54.36.149.53 - - [20/Jun/2025:19:20:52 +0200] "GET /devis-logistique-e-commerce.htm HTTP/1.1" 304 3685 "-" "Mozilla/5.0 (compatible; AhrefsBot/7.0; +http://ahrefs.com/robot/)"
154.54.249.206 - - [20/Jun/2025:19:20:59 +0200] "GET /stockage-hauts-de-seine.htm HTTP/1.1" 304 3909 "-" "Mozilla/5.0 (compatible; Barkrowler/0.9; +https://babbar.tech/crawler)"
217.113.194.133 - - [20/Jun/2025:19:21:03 +0200] "GET /gestion-stock-e-commerce.htm HTTP/1.1" 304 3910 "-" "Mozilla/5.0 (compatible; Barkrowler/0.9; +https://babbar.tech/crawler)"
154.54.249.206 - - [20/Jun/2025:19:21:15 +0200] "GET /logistique-e-commerce-design.htm HTTP/1.1" 304 3909 "-" "Mozilla/5.0 (compatible; Barkrowler/0.9; +https://babbar.tech/crawler)"
217.113.194.140 - - [20/Jun/2025:19:21:18 +0200] "GET /chaussure-dragon-sea.htm HTTP/1.1" 304 3909 "-" "Mozilla/5.0 (compatible; Barkrowler/0.9; +https://babbar.tech/crawler)"
217.113.194.141 - - [20/Jun/2025:19:21:30 +0200] "GET /logistique-e-commerce-retail.htm HTTP/1.1" 304 3909 "-" "Mozilla/5.0 (compatible; Barkrowler/0.9; +https://babbar.tech/crawler)"
217.113.194.135 - - [20/Jun/2025:19:21:33 +0200] "GET /chaussures-running-spira.htm HTTP/1.1" 304 3909 "-" "Mozilla/5.0 (compatible; Barkrowler/0.9; +https://babbar.tech/crawler)"
217.113.194.132 - - [20/Jun/2025:19:21:45 +0200] "GET /logistique-createur-mode.htm HTTP/1.1" 304 3909 "-" "Mozilla/5.0 (compatible; Barkrowler/0.9; +https://babbar.tech/crawler)"
217.113.194.138 - - [20/Jun/2025:19:21:48 +0200] "GET /prestataire-logistique.htm HTTP/1.1" 304 3909 "-" "Mozilla/5.0 (compatible; Barkrowler/0.9; +https://babbar.tech/crawler)"
54.36.148.49 - - [20/Jun/2025:19:21:49 +0200] "GET /logistique-vente-privee.htm HTTP/1.1" 304 3678 "-" "Mozilla/5.0 (compatible; AhrefsBot/7.0; +http://ahrefs.com/robot/)"
217.113.194.141 - - [20/Jun/2025:19:22:00 +0200] "GET /logistique-boutique-en-ligne.html HTTP/1.1" 304 3909 "-" "Mozilla/5.0 (compatible; Barkrowler/0.9; +https://babbar.tech/crawler)"
217.113.194.138 - - [20/Jun/2025:19:22:03 +0200] "GET /actualites-logistique-2018.htm HTTP/1.1" 304 3909 "-" "Mozilla/5.0 (compatible; Barkrowler/0.9; +https://babbar.tech/crawler)"
217.113.194.138 - - [20/Jun/2025:19:22:15 +0200] "GET /logistique-transport-yvelines.htm HTTP/1.1" 304 3909 "-" "Mozilla/5.0 (compatible; Barkrowler/0.9; +https://babbar.tech/crawler)"
217.113.194.140 - - [20/Jun/2025:19:22:18 +0200] "GET /presse-actualites-logistique.htm HTTP/1.1" 304 3909 "-" "Mozilla/5.0 (compatible; Barkrowler/0.9; +https://babbar.tech/crawler)"
217.113.194.138 - - [20/Jun/2025:19:22:30 +0200] "GET /logistique-mode-design.htm HTTP/1.1" 304 3909 "-" "Mozilla/5.0 (compatible; Barkrowler/0.9; +https://babbar.tech/crawler)"
217.113.194.137 - - [20/Jun/2025:19:22:33 +0200] "GET /entreposage-e-commerce.htm HTTP/1.1" 304 3909 "-" "Mozilla/5.0 (compatible; Barkrowler/0.9; +https://babbar.tech/crawler)"
217.113.194.134 - - [20/Jun/2025:19:22:45 +0200] "GET /tarif-logistique-e-commerce.htm HTTP/1.1" 304 3910 "-" "Mozilla/5.0 (compatible; Barkrowler/0.9; +https://babbar.tech/crawler)"
217.113.194.137 - - [20/Jun/2025:19:22:48 +0200] "GET /poteries-persannes.htm HTTP/1.1" 200 10630 "-" "Mozilla/5.0 (compatible; Barkrowler/0.9; +https://babbar.tech/crawler)"
217.113.194.132 - - [20/Jun/2025:19:23:00 +0200] "GET /gestion-logistique-des-retours.htm HTTP/1.1" 304 3909 "-" "Mozilla/5.0 (compatible; Barkrowler/0.9; +https://babbar.tech/crawler)"
154.54.249.206 - - [20/Jun/2025:19:23:03 +0200] "GET /stockage-hauts-de-seine.htm HTTP/1.1" 304 3909 "-" "Mozilla/5.0 (compatible; Barkrowler/0.9; +https://babbar.tech/crawler)"
217.113.194.137 - - [20/Jun/2025:19:23:15 +0200] "GET /interface-client-logistique.htm HTTP/1.1" 304 3909 "-" "Mozilla/5.0 (compatible; Barkrowler/0.9; +https://babbar.tech/crawler)"
217.113.194.133 - - [20/Jun/2025:19:23:18 +0200] "GET /logistique-e-commerce-design.htm HTTP/1.1" 304 3909 "-" "Mozilla/5.0 (compatible; Barkrowler/0.9; +https://babbar.tech/crawler)"
217.113.194.141 - - [20/Jun/2025:19:23:30 +0200] "GET /chaussures-basketball-and1.htm HTTP/1.1" 304 3909 "-" "Mozilla/5.0 (compatible; Barkrowler/0.9; +https://babbar.tech/crawler)"
154.54.249.206 - - [20/Jun/2025:19:23:33 +0200] "GET /logistique-e-commerce-retail.htm HTTP/1.1" 304 3909 "-" "Mozilla/5.0 (compatible; Barkrowler/0.9; +https://babbar.tech/crawler)"
54.36.149.72 - - [20/Jun/2025:19:23:37 +0200] "GET /ita/logistica-in-francia.htm HTTP/1.1" 304 3685 "-" "Mozilla/5.0 (compatible; AhrefsBot/7.0; +http://ahrefs.com/robot/)"
54.36.149.100 - - [20/Jun/2025:19:23:42 +0200] "GET /actualites-logistique-2019.htm HTTP/1.1" 304 3679 "-" "Mozilla/5.0 (compatible; AhrefsBot/7.0; +http://ahrefs.com/robot/)"
154.54.249.206 - - [20/Jun/2025:19:23:45 +0200] "GET /conseil-logistique-e-commerce.htm HTTP/1.1" 304 3909 "-" "Mozilla/5.0 (compatible; Barkrowler/0.9; +https://babbar.tech/crawler)"
154.54.249.206 - - [20/Jun/2025:19:23:48 +0200] "GET /logistique-createur-mode.htm HTTP/1.1" 304 3909 "-" "Mozilla/5.0 (compatible; Barkrowler/0.9; +https://babbar.tech/crawler)"
217.113.194.133 - - [20/Jun/2025:19:24:00 +0200] "GET /module-logistique-e-commerce.htm HTTP/1.1" 304 3909 "-" "Mozilla/5.0 (compatible; Barkrowler/0.9; +https://babbar.tech/crawler)"
217.113.194.134 - - [20/Jun/2025:19:24:03 +0200] "GET /logistique-boutique-en-ligne.html HTTP/1.1" 304 3909 "-" "Mozilla/5.0 (compatible; Barkrowler/0.9; +https://babbar.tech/crawler)"
217.113.194.133 - - [20/Jun/2025:19:24:15 +0200] "GET /actualites-logistique-2017.htm HTTP/1.1" 304 3909 "-" "Mozilla/5.0 (compatible; Barkrowler/0.9; +https://babbar.tech/crawler)"
217.113.194.136 - - [20/Jun/2025:19:24:19 +0200] "GET /logistique-transport-yvelines.htm HTTP/1.1" 304 3909 "-" "Mozilla/5.0 (compatible; Barkrowler/0.9; +https://babbar.tech/crawler)"
217.113.194.138 - - [20/Jun/2025:19:24:30 +0200] "GET /actualites-logistique-2015.htm HTTP/1.1" 304 3909 "-" "Mozilla/5.0 (compatible; Barkrowler/0.9; +https://babbar.tech/crawler)"
154.54.249.206 - - [20/Jun/2025:19:24:34 +0200] "GET /logistique-mode-design.htm HTTP/1.1" 200 8899 "-" "Mozilla/5.0 (compatible; Barkrowler/0.9; +https://babbar.tech/crawler)"
217.113.194.140 - - [20/Jun/2025:19:24:45 +0200] "GET /actualites-logistique-2013.htm HTTP/1.1" 304 3909 "-" "Mozilla/5.0 (compatible; Barkrowler/0.9; +https://babbar.tech/crawler)"
217.113.194.135 - - [20/Jun/2025:19:24:49 +0200] "GET /tarif-logistique-e-commerce.htm HTTP/1.1" 304 3910 "-" "Mozilla/5.0 (compatible; Barkrowler/0.9; +https://babbar.tech/crawler)"
217.113.194.137 - - [20/Jun/2025:19:25:00 +0200] "GET /actualites-logistique-2011.htm HTTP/1.1" 304 3909 "-" "Mozilla/5.0 (compatible; Barkrowler/0.9; +https://babbar.tech/crawler)"
217.113.194.137 - - [20/Jun/2025:19:25:04 +0200] "GET /gestion-logistique-des-retours.htm HTTP/1.1" 304 3909 "-" "Mozilla/5.0 (compatible; Barkrowler/0.9; +https://babbar.tech/crawler)"
154.54.249.206 - - [20/Jun/2025:19:25:16 +0200] "GET /actualites-logistique-2010.htm HTTP/1.1" 304 3909 "-" "Mozilla/5.0 (compatible; Barkrowler/0.9; +https://babbar.tech/crawler)"
217.113.194.132 - - [20/Jun/2025:19:25:19 +0200] "GET /interface-client-logistique.htm HTTP/1.1" 304 3909 "-" "Mozilla/5.0 (compatible; Barkrowler/0.9; +https://babbar.tech/crawler)"
66.249.64.33 - - [20/Jun/2025:19:25:23 +0200] "GET /logistique-chaussures-chaussons.htm HTTP/1.1" 200 8946 "-" "Mozilla/5.0 (Linux; Android 6.0.1; Nexus 5X Build/MMB29P) AppleWebKit/537.36 (KHTML, like Gecko) Chrome/137.0.7151.103 Mobile Safari/537.36 (compatible; Googlebot/2.1; +http://www.google.com/bot.html)"
54.36.149.12 - - [20/Jun/2025:19:25:28 +0200] "GET /logistique-achats-groupes.htm HTTP/1.1" 304 3678 "-" "Mozilla/5.0 (compatible; AhrefsBot/7.0; +http://ahrefs.com/robot/)"
217.113.194.135 - - [20/Jun/2025:19:25:31 +0200] "GET /actualites-logistique-2016.htm HTTP/1.1" 304 3909 "-" "Mozilla/5.0 (compatible; Barkrowler/0.9; +https://babbar.tech/crawler)"
217.113.194.132 - - [20/Jun/2025:19:25:34 +0200] "GET /chaussures-basketball-and1.htm HTTP/1.1" 304 3909 "-" "Mozilla/5.0 (compatible; Barkrowler/0.9; +https://babbar.tech/crawler)"
217.113.194.137 - - [20/Jun/2025:19:25:46 +0200] "GET /actualites-logistique-2012.htm HTTP/1.1" 304 3909 "-" "Mozilla/5.0 (compatible; Barkrowler/0.9; +https://babbar.tech/crawler)"
217.113.194.132 - - [20/Jun/2025:19:25:49 +0200] "GET /conseil-logistique-e-commerce.htm HTTP/1.1" 304 3909 "-" "Mozilla/5.0 (compatible; Barkrowler/0.9; +https://babbar.tech/crawler)"
217.113.194.135 - - [20/Jun/2025:19:26:01 +0200] "GET /actualites-logistique-2019.htm HTTP/1.1" 304 3910 "-" "Mozilla/5.0 (compatible; Barkrowler/0.9; +https://babbar.tech/crawler)"
217.113.194.141 - - [20/Jun/2025:19:26:04 +0200] "GET /module-logistique-e-commerce.htm HTTP/1.1" 304 3909 "-" "Mozilla/5.0 (compatible; Barkrowler/0.9; +https://babbar.tech/crawler)"
217.113.194.134 - - [20/Jun/2025:19:26:16 +0200] "GET /plv-logistique-stockage.htm HTTP/1.1" 304 3909 "-" "Mozilla/5.0 (compatible; Barkrowler/0.9; +https://babbar.tech/crawler)"
154.54.249.206 - - [20/Jun/2025:19:26:19 +0200] "GET /actualites-logistique-2017.htm HTTP/1.1" 304 3909 "-" "Mozilla/5.0 (compatible; Barkrowler/0.9; +https://babbar.tech/crawler)"
217.113.194.137 - - [20/Jun/2025:19:26:31 +0200] "GET /stockage-logistique-e-commerce.htm HTTP/1.1" 304 3909 "-" "Mozilla/5.0 (compatible; Barkrowler/0.9; +https://babbar.tech/crawler)"
217.113.194.138 - - [20/Jun/2025:19:26:34 +0200] "GET /actualites-logistique-2015.htm HTTP/1.1" 304 3909 "-" "Mozilla/5.0 (compatible; Barkrowler/0.9; +https://babbar.tech/crawler)"
54.36.148.130 - - [20/Jun/2025:19:26:46 +0200] "GET /chaine-logistique-e-commerce.htm HTTP/1.1" 304 3685 "-" "Mozilla/5.0 (compatible; AhrefsBot/7.0; +http://ahrefs.com/robot/)"
217.113.194.132 - - [20/Jun/2025:19:26:46 +0200] "GET /logistique-pour-un-e-shop.html HTTP/1.1" 304 3909 "-" "Mozilla/5.0 (compatible; Barkrowler/0.9; +https://babbar.tech/crawler)"
54.36.148.15 - - [20/Jun/2025:19:26:48 +0200] "GET /actualites-logistique-2012.htm HTTP/1.1" 304 3685 "-" "Mozilla/5.0 (compatible; AhrefsBot/7.0; +http://ahrefs.com/robot/)"
154.54.249.206 - - [20/Jun/2025:19:26:49 +0200] "GET /actualites-logistique-2013.htm HTTP/1.1" 304 3909 "-" "Mozilla/5.0 (compatible; Barkrowler/0.9; +https://babbar.tech/crawler)"
54.36.148.155 - - [20/Jun/2025:19:26:52 +0200] "GET /gestion-stock-e-commerce.htm HTTP/1.1" 304 3679 "-" "Mozilla/5.0 (compatible; AhrefsBot/7.0; +http://ahrefs.com/robot/)"
217.113.194.133 - - [20/Jun/2025:19:27:01 +0200] "GET /logistique-e-commerce-luxe.htm HTTP/1.1" 304 3909 "-" "Mozilla/5.0 (compatible; Barkrowler/0.9; +https://babbar.tech/crawler)"
217.113.194.135 - - [20/Jun/2025:19:27:04 +0200] "GET /actualites-logistique-2011.htm HTTP/1.1" 304 3909 "-" "Mozilla/5.0 (compatible; Barkrowler/0.9; +https://babbar.tech/crawler)"
54.36.148.74 - - [20/Jun/2025:19:27:14 +0200] "GET /actualites-logistique-2011.htm HTTP/1.1" 304 3685 "-" "Mozilla/5.0 (compatible; AhrefsBot/7.0; +http://ahrefs.com/robot/)"
217.113.194.139 - - [20/Jun/2025:19:27:16 +0200] "GET /logistique-des-produits-cosmetiques.htm HTTP/1.1" 304 3909 "-" "Mozilla/5.0 (compatible; Barkrowler/0.9; +https://babbar.tech/crawler)"
217.113.194.139 - - [20/Jun/2025:19:27:19 +0200] "GET /actualites-logistique-2010.htm HTTP/1.1" 304 3909 "-" "Mozilla/5.0 (compatible; Barkrowler/0.9; +https://babbar.tech/crawler)"
217.113.194.137 - - [20/Jun/2025:19:27:31 +0200] "GET /logistique-agences-communication.htm HTTP/1.1" 304 3909 "-" "Mozilla/5.0 (compatible; Barkrowler/0.9; +https://babbar.tech/crawler)"
217.113.194.137 - - [20/Jun/2025:19:27:34 +0200] "GET /actualites-logistique-2016.htm HTTP/1.1" 304 3909 "-" "Mozilla/5.0 (compatible; Barkrowler/0.9; +https://babbar.tech/crawler)"
217.113.194.136 - - [20/Jun/2025:19:27:46 +0200] "GET /logistique-distribution-chaussures.htm HTTP/1.1" 304 3909 "-" "Mozilla/5.0 (compatible; Barkrowler/0.9; +https://babbar.tech/crawler)"
217.113.194.141 - - [20/Jun/2025:19:27:49 +0200] "GET /actualites-logistique-2012.htm HTTP/1.1" 304 3909 "-" "Mozilla/5.0 (compatible; Barkrowler/0.9; +https://babbar.tech/crawler)"
217.113.194.132 - - [20/Jun/2025:19:28:01 +0200] "GET /logistique-distribution-presse.htm HTTP/1.1" 304 3909 "-" "Mozilla/5.0 (compatible; Barkrowler/0.9; +https://babbar.tech/crawler)"
217.113.194.137 - - [20/Jun/2025:19:28:04 +0200] "GET /actualites-logistique-2019.htm HTTP/1.1" 304 3910 "-" "Mozilla/5.0 (compatible; Barkrowler/0.9; +https://babbar.tech/crawler)"
54.36.148.113 - - [20/Jun/2025:19:28:05 +0200] "GET /informatique-logistique.htm HTTP/1.1" 304 3685 "-" "Mozilla/5.0 (compatible; AhrefsBot/7.0; +http://ahrefs.com/robot/)"
217.113.194.133 - - [20/Jun/2025:19:28:16 +0200] "GET /logistique-organisation-salon.htm HTTP/1.1" 304 3909 "-" "Mozilla/5.0 (compatible; Barkrowler/0.9; +https://babbar.tech/crawler)"
54.36.148.9 - - [20/Jun/2025:19:28:18 +0200] "GET /interface-informatique-logistique.htm HTTP/1.1" 304 3678 "-" "Mozilla/5.0 (compatible; AhrefsBot/7.0; +http://ahrefs.com/robot/)"
217.113.194.140 - - [20/Jun/2025:19:28:19 +0200] "GET /plv-logistique-stockage.htm HTTP/1.1" 304 3909 "-" "Mozilla/5.0 (compatible; Barkrowler/0.9; +https://babbar.tech/crawler)"
217.113.194.137 - - [20/Jun/2025:19:28:31 +0200] "GET /logistique-showroom-yvelines.htm HTTP/1.1" 304 3909 "-" "Mozilla/5.0 (compatible; Barkrowler/0.9; +https://babbar.tech/crawler)"
217.113.194.135 - - [20/Jun/2025:19:28:34 +0200] "GET /stockage-logistique-e-commerce.htm HTTP/1.1" 304 3909 "-" "Mozilla/5.0 (compatible; Barkrowler/0.9; +https://babbar.tech/crawler)"
217.113.194.141 - - [20/Jun/2025:19:28:46 +0200] "GET /logisticien-boutique-en-ligne.htm HTTP/1.1" 304 3909 "-" "Mozilla/5.0 (compatible; Barkrowler/0.9; +https://babbar.tech/crawler)"
154.54.249.206 - - [20/Jun/2025:19:28:50 +0200] "GET /logistique-decoupe-tissus.htm HTTP/1.1" 304 3909 "-" "Mozilla/5.0 (compatible; Barkrowler/0.9; +https://babbar.tech/crawler)"
217.113.194.135 - - [20/Jun/2025:19:29:01 +0200] "GET /logisticien-marque-cosmetique.htm HTTP/1.1" 304 3909 "-" "Mozilla/5.0 (compatible; Barkrowler/0.9; +https://babbar.tech/crawler)"
217.113.194.139 - - [20/Jun/2025:19:29:05 +0200] "GET /logistique-pour-un-e-shop.html HTTP/1.1" 304 3909 "-" "Mozilla/5.0 (compatible; Barkrowler/0.9; +https://babbar.tech/crawler)"
217.113.194.133 - - [20/Jun/2025:19:29:16 +0200] "GET /logistique-achats-groupes.htm HTTP/1.1" 304 3909 "-" "Mozilla/5.0 (compatible; Barkrowler/0.9; +https://babbar.tech/crawler)"
217.113.194.133 - - [20/Jun/2025:19:29:20 +0200] "GET /logistique-e-commerce-luxe.htm HTTP/1.1" 304 3909 "-" "Mozilla/5.0 (compatible; Barkrowler/0.9; +https://babbar.tech/crawler)"
217.113.194.136 - - [20/Jun/2025:19:29:31 +0200] "GET /logistique-mode-luxe-design.htm HTTP/1.1" 304 3909 "-" "Mozilla/5.0 (compatible; Barkrowler/0.9; +https://babbar.tech/crawler)"
217.113.194.134 - - [20/Jun/2025:19:29:35 +0200] "GET /logistique-des-produits-cosmetiques.htm HTTP/1.1" 304 3909 "-" "Mozilla/5.0 (compatible; Barkrowler/0.9; +https://babbar.tech/crawler)"
217.113.194.136 - - [20/Jun/2025:19:29:47 +0200] "GET /logistique-chaussures-chaussons.htm HTTP/1.1" 304 3909 "-" "Mozilla/5.0 (compatible; Barkrowler/0.9; +https://babbar.tech/crawler)"
154.54.249.206 - - [20/Jun/2025:19:29:50 +0200] "GET /logistique-agences-communication.htm HTTP/1.1" 304 3909 "-" "Mozilla/5.0 (compatible; Barkrowler/0.9; +https://babbar.tech/crawler)"
217.113.194.133 - - [20/Jun/2025:19:30:02 +0200] "GET /logistique-marque-cosmetique.htm HTTP/1.1" 304 3909 "-" "Mozilla/5.0 (compatible; Barkrowler/0.9; +https://babbar.tech/crawler)"
217.113.194.134 - - [20/Jun/2025:19:30:05 +0200] "GET /logistique-distribution-chaussures.htm HTTP/1.1" 304 3909 "-" "Mozilla/5.0 (compatible; Barkrowler/0.9; +https://babbar.tech/crawler)"
54.36.149.71 - - [20/Jun/2025:19:30:11 +0200] "GET /actualites-logistique-2010.htm HTTP/1.1" 304 3678 "-" "Mozilla/5.0 (compatible; AhrefsBot/7.0; +http://ahrefs.com/robot/)"
217.113.194.135 - - [20/Jun/2025:19:30:17 +0200] "GET /logistique-cosmetique-luxe.htm HTTP/1.1" 304 3909 "-" "Mozilla/5.0 (compatible; Barkrowler/0.9; +https://babbar.tech/crawler)"
217.113.194.140 - - [20/Jun/2025:19:30:20 +0200] "GET /logistique-distribution-presse.htm HTTP/1.1" 304 3909 "-" "Mozilla/5.0 (compatible; Barkrowler/0.9; +https://babbar.tech/crawler)"
217.113.194.134 - - [20/Jun/2025:19:30:32 +0200] "GET /logistique-parapharmacie.htm HTTP/1.1" 304 3909 "-" "Mozilla/5.0 (compatible; Barkrowler/0.9; +https://babbar.tech/crawler)"
217.113.194.135 - - [20/Jun/2025:19:30:35 +0200] "GET /logistique-organisation-salon.htm HTTP/1.1" 304 3909 "-" "Mozilla/5.0 (compatible; Barkrowler/0.9; +https://babbar.tech/crawler)"
54.36.148.91 - - [20/Jun/2025:19:30:45 +0200] "GET /plateforme-logistique-e-commerce.htm HTTP/1.1" 304 3685 "-" "Mozilla/5.0 (compatible; AhrefsBot/7.0; +http://ahrefs.com/robot/)"
154.54.249.206 - - [20/Jun/2025:19:30:47 +0200] "GET /logistique-site-e-commerce.htm HTTP/1.1" 304 3909 "-" "Mozilla/5.0 (compatible; Barkrowler/0.9; +https://babbar.tech/crawler)"
154.54.249.206 - - [20/Jun/2025:19:30:50 +0200] "GET /logistique-showroom-yvelines.htm HTTP/1.1" 304 3909 "-" "Mozilla/5.0 (compatible; Barkrowler/0.9; +https://babbar.tech/crawler)"
66.249.64.33 - - [20/Jun/2025:19:31:01 +0200] "GET /logistique-yvelines.htm HTTP/1.1" 200 8355 "-" "Mozilla/5.0 (Linux; Android 6.0.1; Nexus 5X Build/MMB29P) AppleWebKit/537.36 (KHTML, like Gecko) Chrome/137.0.7151.103 Mobile Safari/537.36 (compatible; Googlebot/2.1; +http://www.google.com/bot.html)"
217.113.194.132 - - [20/Jun/2025:19:31:02 +0200] "GET /chaine-logistique-e-commerce.htm HTTP/1.1" 304 3909 "-" "Mozilla/5.0 (compatible; Barkrowler/0.9; +https://babbar.tech/crawler)"
217.113.194.136 - - [20/Jun/2025:19:31:05 +0200] "GET /logisticien-boutique-en-ligne.htm HTTP/1.1" 304 3909 "-" "Mozilla/5.0 (compatible; Barkrowler/0.9; +https://babbar.tech/crawler)"
154.54.249.206 - - [20/Jun/2025:19:31:17 +0200] "GET /envois-colis-e-commerce.htm HTTP/1.1" 304 3909 "-" "Mozilla/5.0 (compatible; Barkrowler/0.9; +https://babbar.tech/crawler)"
217.113.194.138 - - [20/Jun/2025:19:31:20 +0200] "GET /logisticien-marque-cosmetique.htm HTTP/1.1" 304 3909 "-" "Mozilla/5.0 (compatible; Barkrowler/0.9; +https://babbar.tech/crawler)"
217.113.194.135 - - [20/Jun/2025:19:31:32 +0200] "GET /envois-en-nombre-colis.htm HTTP/1.1" 304 3909 "-" "Mozilla/5.0 (compatible; Barkrowler/0.9; +https://babbar.tech/crawler)"
217.113.194.137 - - [20/Jun/2025:19:31:35 +0200] "GET /logistique-achats-groupes.htm HTTP/1.1" 304 3909 "-" "Mozilla/5.0 (compatible; Barkrowler/0.9; +https://babbar.tech/crawler)"
154.54.249.206 - - [20/Jun/2025:19:31:47 +0200] "GET /devis-logistique-e-commerce.htm HTTP/1.1" 304 3909 "-" "Mozilla/5.0 (compatible; Barkrowler/0.9; +https://babbar.tech/crawler)"
54.36.148.122 - - [20/Jun/2025:19:31:49 +0200] "GET /actualites-logistique-2013.htm HTTP/1.1" 304 3678 "-" "Mozilla/5.0 (compatible; AhrefsBot/7.0; +http://ahrefs.com/robot/)"
217.113.194.132 - - [20/Jun/2025:19:31:50 +0200] "GET /logistique-mode-luxe-design.htm HTTP/1.1" 304 3909 "-" "Mozilla/5.0 (compatible; Barkrowler/0.9; +https://babbar.tech/crawler)"
54.36.148.3 - - [20/Jun/2025:19:31:56 +0200] "GET /logistique-e-commerce-marketplace.htm HTTP/1.1" 304 3685 "-" "Mozilla/5.0 (compatible; AhrefsBot/7.0; +http://ahrefs.com/robot/)"
217.113.194.140 - - [20/Jun/2025:19:32:02 +0200] "GET /chaussures-handball-hummel.htm HTTP/1.1" 304 3909 "-" "Mozilla/5.0 (compatible; Barkrowler/0.9; +https://babbar.tech/crawler)"
217.113.194.136 - - [20/Jun/2025:19:32:05 +0200] "GET /logistique-chaussures-chaussons.htm HTTP/1.1" 304 3909 "-" "Mozilla/5.0 (compatible; Barkrowler/0.9; +https://babbar.tech/crawler)"
217.113.194.134 - - [20/Jun/2025:19:32:17 +0200] "GET /preparation-commande-e-commerce.htm HTTP/1.1" 304 3909 "-" "Mozilla/5.0 (compatible; Barkrowler/0.9; +https://babbar.tech/crawler)"
217.113.194.132 - - [20/Jun/2025:19:32:20 +0200] "GET /logistique-marque-cosmetique.htm HTTP/1.1" 304 3909 "-" "Mozilla/5.0 (compatible; Barkrowler/0.9; +https://babbar.tech/crawler)"
217.113.194.137 - - [20/Jun/2025:19:32:32 +0200] "GET /actualites-logistique-2020.htm HTTP/1.1" 304 3910 "-" "Mozilla/5.0 (compatible; Barkrowler/0.9; +https://babbar.tech/crawler)"
217.113.194.138 - - [20/Jun/2025:19:32:35 +0200] "GET /logistique-cosmetique-luxe.htm HTTP/1.1" 304 3909 "-" "Mozilla/5.0 (compatible; Barkrowler/0.9; +https://babbar.tech/crawler)"
217.113.194.140 - - [20/Jun/2025:19:32:47 +0200] "GET /vente-privee-chaussures-petit-bateau.htm HTTP/1.1" 304 3909 "-" "Mozilla/5.0 (compatible; Barkrowler/0.9; +https://babbar.tech/crawler)"
217.113.194.135 - - [20/Jun/2025:19:32:50 +0200] "GET /logistique-parapharmacie.htm HTTP/1.1" 304 3909 "-" "Mozilla/5.0 (compatible; Barkrowler/0.9; +https://babbar.tech/crawler)"
217.113.194.132 - - [20/Jun/2025:19:33:02 +0200] "GET /vente-privee-polo-de-deauville.htm HTTP/1.1" 304 3909 "-" "Mozilla/5.0 (compatible; Barkrowler/0.9; +https://babbar.tech/crawler)"
217.113.194.140 - - [20/Jun/2025:19:33:06 +0200] "GET /logistique-site-e-commerce.htm HTTP/1.1" 304 3909 "-" "Mozilla/5.0 (compatible; Barkrowler/0.9; +https://babbar.tech/crawler)"
217.113.194.137 - - [20/Jun/2025:19:33:17 +0200] "GET /externalisation-logistique-e-commerce.htm HTTP/1.1" 304 3909 "-" "Mozilla/5.0 (compatible; Barkrowler/0.9; +https://babbar.tech/crawler)"
54.36.148.87 - - [20/Jun/2025:19:33:20 +0200] "GET /actualites-logistique-2011.htm HTTP/1.1" 304 3678 "-" "Mozilla/5.0 (compatible; AhrefsBot/7.0; +http://ahrefs.com/robot/)"
154.54.249.206 - - [20/Jun/2025:19:33:21 +0200] "GET /chaine-logistique-e-commerce.htm HTTP/1.1" 304 3909 "-" "Mozilla/5.0 (compatible; Barkrowler/0.9; +https://babbar.tech/crawler)"
54.36.148.101 - - [20/Jun/2025:19:33:31 +0200] "GET /index.htm HTTP/1.1" 304 3686 "-" "Mozilla/5.0 (compatible; AhrefsBot/7.0; +http://ahrefs.com/robot/)"
154.54.249.206 - - [20/Jun/2025:19:33:32 +0200] "GET /externalisation-preparation-de-commandes.htm HTTP/1.1" 304 3909 "-" "Mozilla/5.0 (compatible; Barkrowler/0.9; +https://babbar.tech/crawler)"
217.113.194.140 - - [20/Jun/2025:19:33:36 +0200] "GET /envois-colis-e-commerce.htm HTTP/1.1" 304 3909 "-" "Mozilla/5.0 (compatible; Barkrowler/0.9; +https://babbar.tech/crawler)"
217.113.194.132 - - [20/Jun/2025:19:33:47 +0200] "GET /e-cigarettes-kangertech.htm HTTP/1.1" 304 3909 "-" "Mozilla/5.0 (compatible; Barkrowler/0.9; +https://babbar.tech/crawler)"
54.36.148.129 - - [20/Jun/2025:19:33:50 +0200] "GET /ita/logistica-francia-prodotti.htm HTTP/1.1" 304 3685 "-" "Mozilla/5.0 (compatible; AhrefsBot/7.0; +http://ahrefs.com/robot/)"
217.113.194.140 - - [20/Jun/2025:19:33:51 +0200] "GET /envois-en-nombre-colis.htm HTTP/1.1" 304 3909 "-" "Mozilla/5.0 (compatible; Barkrowler/0.9; +https://babbar.tech/crawler)"
217.113.194.140 - - [20/Jun/2025:19:34:02 +0200] "GET /logistique-esat-78-yvelines.htm HTTP/1.1" 304 3909 "-" "Mozilla/5.0 (compatible; Barkrowler/0.9; +https://babbar.tech/crawler)"
217.113.194.139 - - [20/Jun/2025:19:34:06 +0200] "GET /devis-logistique-e-commerce.htm HTTP/1.1" 304 3909 "-" "Mozilla/5.0 (compatible; Barkrowler/0.9; +https://babbar.tech/crawler)"
217.113.194.141 - - [20/Jun/2025:19:34:18 +0200] "GET /logistique-e-commerce-international.htm HTTP/1.1" 304 3909 "-" "Mozilla/5.0 (compatible; Barkrowler/0.9; +https://babbar.tech/crawler)"
154.54.249.206 - - [20/Jun/2025:19:34:21 +0200] "GET /chaussures-handball-hummel.htm HTTP/1.1" 304 3909 "-" "Mozilla/5.0 (compatible; Barkrowler/0.9; +https://babbar.tech/crawler)"
217.113.194.135 - - [20/Jun/2025:19:34:33 +0200] "GET /logistique-e-commerce-marketplace.htm HTTP/1.1" 304 3909 "-" "Mozilla/5.0 (compatible; Barkrowler/0.9; +https://babbar.tech/crawler)"
217.113.194.140 - - [20/Jun/2025:19:34:36 +0200] "GET /preparation-commande-e-commerce.htm HTTP/1.1" 304 3909 "-" "Mozilla/5.0 (compatible; Barkrowler/0.9; +https://babbar.tech/crawler)"
54.36.149.54 - - [20/Jun/2025:19:34:47 +0200] "GET /logistique-jeux-jouets.htm HTTP/1.1" 304 3685 "-" "Mozilla/5.0 (compatible; AhrefsBot/7.0; +http://ahrefs.com/robot/)"
217.113.194.136 - - [20/Jun/2025:19:34:48 +0200] "GET /logistique-e-commerce-multicanal.htm HTTP/1.1" 304 3909 "-" "Mozilla/5.0 (compatible; Barkrowler/0.9; +https://babbar.tech/crawler)"
217.113.194.140 - - [20/Jun/2025:19:34:51 +0200] "GET /actualites-logistique-2020.htm HTTP/1.1" 304 3910 "-" "Mozilla/5.0 (compatible; Barkrowler/0.9; +https://babbar.tech/crawler)"
217.113.194.140 - - [20/Jun/2025:19:35:03 +0200] "GET /logistique-e-commerce-cosmetique.html HTTP/1.1" 304 3909 "-" "Mozilla/5.0 (compatible; Barkrowler/0.9; +https://babbar.tech/crawler)"
217.113.194.141 - - [20/Jun/2025:19:35:06 +0200] "GET /vente-en-ligne-logistique-e-commerce.htm HTTP/1.1" 304 3910 "-" "Mozilla/5.0 (compatible; Barkrowler/0.9; +https://babbar.tech/crawler)"
54.36.148.14 - - [20/Jun/2025:19:35:14 +0200] "GET /actualites-logistique-2015.htm HTTP/1.1" 304 3678 "-" "Mozilla/5.0 (compatible; AhrefsBot/7.0; +http://ahrefs.com/robot/)"
217.113.194.132 - - [20/Jun/2025:19:35:18 +0200] "GET /logistique-e-commerce-editeur.htm HTTP/1.1" 304 3909 "-" "Mozilla/5.0 (compatible; Barkrowler/0.9; +https://babbar.tech/crawler)"
217.113.194.139 - - [20/Jun/2025:19:35:21 +0200] "GET /vente-privee-chaussures-petit-bateau.htm HTTP/1.1" 304 3909 "-" "Mozilla/5.0 (compatible; Barkrowler/0.9; +https://babbar.tech/crawler)"
217.113.194.138 - - [20/Jun/2025:19:35:33 +0200] "GET /logistique-des-marques-et-de-la-mode.htm HTTP/1.1" 304 3909 "-" "Mozilla/5.0 (compatible; Barkrowler/0.9; +https://babbar.tech/crawler)"
154.54.249.206 - - [20/Jun/2025:19:35:36 +0200] "GET /externalisation-logistique-e-commerce.htm HTTP/1.1" 304 3909 "-" "Mozilla/5.0 (compatible; Barkrowler/0.9; +https://babbar.tech/crawler)"
54.36.148.84 - - [20/Jun/2025:19:35:37 +0200] "GET /devis-logistique.htm HTTP/1.1" 304 3685 "-" "Mozilla/5.0 (compatible; AhrefsBot/7.0; +http://ahrefs.com/robot/)"
217.113.194.139 - - [20/Jun/2025:19:35:48 +0200] "GET /logistique-distribution-cosmetique.htm HTTP/1.1" 304 3909 "-" "Mozilla/5.0 (compatible; Barkrowler/0.9; +https://babbar.tech/crawler)"
217.113.194.138 - - [20/Jun/2025:19:35:51 +0200] "GET /externalisation-preparation-de-commandes.htm HTTP/1.1" 304 3909 "-" "Mozilla/5.0 (compatible; Barkrowler/0.9; +https://babbar.tech/crawler)"
217.113.194.133 - - [20/Jun/2025:19:36:03 +0200] "GET /logistique-linge-de-maison.htm HTTP/1.1" 304 3909 "-" "Mozilla/5.0 (compatible; Barkrowler/0.9; +https://babbar.tech/crawler)"
217.113.194.140 - - [20/Jun/2025:19:36:06 +0200] "GET /e-cigarettes-kangertech.htm HTTP/1.1" 304 3909 "-" "Mozilla/5.0 (compatible; Barkrowler/0.9; +https://babbar.tech/crawler)"
154.54.249.206 - - [20/Jun/2025:19:36:18 +0200] "GET /logistique-habillement-mode.htm HTTP/1.1" 304 3909 "-" "Mozilla/5.0 (compatible; Barkrowler/0.9; +https://babbar.tech/crawler)"
217.113.194.139 - - [20/Jun/2025:19:36:21 +0200] "GET /logistique-esat-78-yvelines.htm HTTP/1.1" 304 3909 "-" "Mozilla/5.0 (compatible; Barkrowler/0.9; +https://babbar.tech/crawler)"
54.36.148.55 - - [20/Jun/2025:19:36:27 +0200] "GET /actualites-logistique-2015.htm HTTP/1.1" 304 3685 "-" "Mozilla/5.0 (compatible; AhrefsBot/7.0; +http://ahrefs.com/robot/)"
217.113.194.140 - - [20/Jun/2025:19:36:33 +0200] "GET /logistique-velos-electriques.htm HTTP/1.1" 304 3909 "-" "Mozilla/5.0 (compatible; Barkrowler/0.9; +https://babbar.tech/crawler)"
217.113.194.135 - - [20/Jun/2025:19:36:36 +0200] "GET /logistique-e-commerce-international.htm HTTP/1.1" 304 3909 "-" "Mozilla/5.0 (compatible; Barkrowler/0.9; +https://babbar.tech/crawler)"
66.249.64.33 - - [20/Jun/2025:19:36:38 +0200] "GET /actualites-logistique-2011.htm HTTP/1.1" 200 9535 "-" "Mozilla/5.0 (Linux; Android 6.0.1; Nexus 5X Build/MMB29P) AppleWebKit/537.36 (KHTML, like Gecko) Chrome/137.0.7151.103 Mobile Safari/537.36 (compatible; Googlebot/2.1; +http://www.google.com/bot.html)"
217.113.194.132 - - [20/Jun/2025:19:36:48 +0200] "GET /logistique-parfum-cosmetique.htm HTTP/1.1" 304 3909 "-" "Mozilla/5.0 (compatible; Barkrowler/0.9; +https://babbar.tech/crawler)"
217.113.194.134 - - [20/Jun/2025:19:36:51 +0200] "GET /logistique-e-commerce-marketplace.htm HTTP/1.1" 304 3909 "-" "Mozilla/5.0 (compatible; Barkrowler/0.9; +https://babbar.tech/crawler)"
54.36.149.56 - - [20/Jun/2025:19:36:51 +0200] "GET /endurance-shopping.htm HTTP/1.1" 304 3685 "-" "Mozilla/5.0 (compatible; AhrefsBot/7.0; +http://ahrefs.com/robot/)"
54.36.149.16 - - [20/Jun/2025:19:36:58 +0200] "GET /actualites-logistique-2018.htm HTTP/1.1" 304 3678 "-" "Mozilla/5.0 (compatible; AhrefsBot/7.0; +http://ahrefs.com/robot/)"
217.113.194.139 - - [20/Jun/2025:19:37:03 +0200] "GET /cahier-des-charges-logistique.htm HTTP/1.1" 200 8326 "-" "Mozilla/5.0 (compatible; Barkrowler/0.9; +https://babbar.tech/crawler)"
217.113.194.136 - - [20/Jun/2025:19:37:06 +0200] "GET /logistique-e-commerce-multicanal.htm HTTP/1.1" 304 3909 "-" "Mozilla/5.0 (compatible; Barkrowler/0.9; +https://babbar.tech/crawler)"
217.113.194.138 - - [20/Jun/2025:19:37:19 +0200] "GET /entreprise-logistique-e-commerce.htm HTTP/1.1" 304 3909 "-" "Mozilla/5.0 (compatible; Barkrowler/0.9; +https://babbar.tech/crawler)"
217.113.194.141 - - [20/Jun/2025:19:37:22 +0200] "GET /logistique-e-commerce-cosmetique.html HTTP/1.1" 304 3909 "-" "Mozilla/5.0 (compatible; Barkrowler/0.9; +https://babbar.tech/crawler)"
